{"id":11701,"date":"2021-12-17T07:32:24","date_gmt":"2021-12-17T07:32:24","guid":{"rendered":"http:\/\/esteribar.org\/esteribar.eus\/?page_id=11701"},"modified":"2021-12-17T07:34:21","modified_gmt":"2021-12-17T07:34:21","slug":"jasotako-dirulaguntzak","status":"publish","type":"page","link":"https:\/\/www.esteribar.org\/esteribar.eus\/jasotako-dirulaguntzak\/","title":{"rendered":"jasotako.dirulaguntzak"},"content":{"rendered":"<div class=\"vc_row wpb_row vc_row-fluid\"><div class=\"wpb_column vc_column_container vc_col-sm-12\"><div class=\"vc_column-inner\"><div class=\"wpb_wrapper\"><div class=\"vc_empty_space\"   style=\"height: 64px\"><span class=\"vc_empty_space_inner\"><\/span><\/div>\n\t<div class=\"wpb_text_column wpb_content_element ovic_vc_custom_61bc3d7d75ab5 \" >\n\t\t<div class=\"wpb_wrapper\">\n\t\t\t<div class=\"margin-top-40 section-title text-center\">\n<h3 style=\"color: #c99947; text-align: center;\">JASOTAKO DIRULAGUNTZAK<\/h3>\n<\/div>\n\n\t\t<\/div>\n\t<\/div>\n<div class=\"vc_empty_space\"   style=\"height: 64px\"><span class=\"vc_empty_space_inner\"><\/span><\/div><\/div><\/div><\/div><div class=\"wpb_column vc_column_container vc_col-sm-12\"><div class=\"vc_column-inner\"><div class=\"wpb_wrapper\">\n<div class=\"vc_grid-container-wrapper vc_clearfix\">\n\t<div class=\"vc_grid-container vc_clearfix wpb_content_element vc_basic_grid &lt;!--?php excerpt(&#039;50&#039;); ?--&gt; &lt;!--?php excerpt(&#039;50&#039;); ?--&gt; ovic_vc_custom_61bc3d7d75ab8 \" data-initial-loading-animation=\"none\" data-vc-grid-settings=\"{&quot;page_id&quot;:11701,&quot;style&quot;:&quot;all&quot;,&quot;action&quot;:&quot;vc_get_vc_grid_data&quot;,&quot;shortcode_id&quot;:&quot;1639726431568-db2c3a01-7d0e-9&quot;,&quot;tag&quot;:&quot;vc_basic_grid&quot;}\" data-vc-request=\"https:\/\/www.esteribar.org\/esteribar.eus\/wp-admin\/admin-ajax.php\" data-vc-post-id=\"11701\" data-vc-public-nonce=\"58abe926cd\">\n\t\t<div class=\"vc_grid vc_row vc_grid-gutter-30px vc_pageable-wrapper vc_hook_hover\" data-vc-pageable-content=\"true\"><div class=\"vc_pageable-slide-wrapper vc_clearfix\" data-vc-grid-content=\"true\"><div class=\"vc_grid-item vc_clearfix vc_col-sm-12\"><div class=\"vc_grid-item-mini vc_clearfix \"><div class=\"vc_gitem-animated-block \" \"><div class=\"vc_gitem-zone vc_gitem-zone-a\" style=\"height: 175px;\"><div class=\"vc_gitem-zone-mini\"><div class=\"vc_gitem_row vc_row vc_gitem-row-position-middle\"><div class=\"vc_col-sm-12 vc_gitem-col vc_gitem-col-align-\"><div class=\"vc_custom_heading vc_gitem-post-data vc_gitem-post-data-source-post_title\" ><h6 style=\"text-align: left\" >OLLOKIN ITZALA EGITEKO ZUHAITZAK LANDATZEA<\/h6><\/div><div class=\"vc_custom_heading vc_gitem-post-data vc_gitem-post-data-source-post_excerpt\" ><div style=\"text-align: left\" >NextGenerationEU, Berreskuratze, Eraldaketa eta Erresilientzia Plana, finantza-tresnaren barnean dagoen Berreskuratze eta Erresilientzia Mekanismoaren (MRR) kargura finantzatutako obra, \u201cSektore turistikoaren modernizazio eta lehiakortasun plana\u201d izeneko 14. osagaiko inbertsio-lerroan, \u201cEredu turistikoa iraunkortasunera eraldatzea\u201d izeneko 1. inbertsioan, 2. azpineurrian: Helburuko turismo-jasangarritasunerako planak\u201d, trantsizio berdearen, trantsizio digitalaren eta lehiakortasun turistikoaren arloetan sektore turistikoan jarduera eraldatzaileak gauzatzeko. PSTD.PLANTACI\u00d3N DE ARBOLADO [...]<\/div><\/div><div class=\"vc_btn3-container vc_btn3-left ovic_vc_custom_5fca96d26a972\"><a class=\"vc_general vc_btn3 vc_btn3-size-md vc_btn3-shape-square vc_btn3-style-classic vc_btn3-color-black ovic_vc_custom_5fca96d26a972\" a href=\"https:\/\/www.esteribar.org\/esteribar.eus\/ollokin-itzala-egiteko-zuhaitzak-landatzea\/\" class=\"vc_gitem-link vc_general vc_btn3 vc_general vc_btn3 vc_btn3-size-md vc_btn3-shape-square vc_btn3-style-classic vc_btn3-color-black ovic_vc_custom_5fca96d26a972\" title=\"INFORMAZIO GEHIAGO\">INFORMAZIO GEHIAGO<\/a><\/div><\/div><\/div><\/div><\/div><\/div><\/div><div class=\"vc_clearfix\"><\/div><\/div><div class=\"vc_grid-item vc_clearfix vc_col-sm-12\"><div class=\"vc_grid-item-mini vc_clearfix \"><div class=\"vc_gitem-animated-block \" \"><div class=\"vc_gitem-zone vc_gitem-zone-a\" style=\"height: 175px;\"><div class=\"vc_gitem-zone-mini\"><div class=\"vc_gitem_row vc_row vc_gitem-row-position-middle\"><div class=\"vc_col-sm-12 vc_gitem-col vc_gitem-col-align-\"><div class=\"vc_custom_heading vc_gitem-post-data vc_gitem-post-data-source-post_title\" ><h6 style=\"text-align: left\" >IRURITAKO BIDEAN, GENDULAINEN EGINDAKO HOBEKUNTZAK ETA ERREAKO USATEGIETARAKO BIDEAN EGINDAKO HOBEKUNTZAK<\/h6><\/div><div class=\"vc_custom_heading vc_gitem-post-data vc_gitem-post-data-source-post_excerpt\" ><div style=\"text-align: left\" >NAFARROAKO N.P.E.-REN PLAN ESTRATEGIKOA 2023-2027 ABELTZAINTZAKO TOKI AZPIEGITURAK SORTZEKO ETA HOBETZEKO LAGUNTZAK 2024 Cartel infraestructuras<\/div><\/div><div class=\"vc_btn3-container vc_btn3-left ovic_vc_custom_5fca96d26a972\"><a class=\"vc_general vc_btn3 vc_btn3-size-md vc_btn3-shape-square vc_btn3-style-classic vc_btn3-color-black ovic_vc_custom_5fca96d26a972\" a href=\"https:\/\/www.esteribar.org\/esteribar.eus\/iruritako-bidean-gendulainen-egindako-hobekuntzak-eta-erreako-usategietarako-bidean-egindako-hobekuntzak\/\" class=\"vc_gitem-link vc_general vc_btn3 vc_general vc_btn3 vc_btn3-size-md vc_btn3-shape-square vc_btn3-style-classic vc_btn3-color-black ovic_vc_custom_5fca96d26a972\" title=\"INFORMAZIO GEHIAGO\">INFORMAZIO GEHIAGO<\/a><\/div><\/div><\/div><\/div><\/div><\/div><\/div><div class=\"vc_clearfix\"><\/div><\/div><div class=\"vc_grid-item vc_clearfix vc_col-sm-12\"><div class=\"vc_grid-item-mini vc_clearfix \"><div class=\"vc_gitem-animated-block \" \"><div class=\"vc_gitem-zone vc_gitem-zone-a\" style=\"height: 175px;\"><div class=\"vc_gitem-zone-mini\"><div class=\"vc_gitem_row vc_row vc_gitem-row-position-middle\"><div class=\"vc_col-sm-12 vc_gitem-col vc_gitem-col-align-\"><div class=\"vc_custom_heading vc_gitem-post-data vc_gitem-post-data-source-post_title\" ><h6 style=\"text-align: left\" >2024ko NAFARROAKO AURREKONTU OROKORREAN ESTERIBARKO UDALARI EMANDAKO DIRULAGUNTZA IZENDUNA<\/h6><\/div><div class=\"vc_custom_heading vc_gitem-post-data vc_gitem-post-data-source-post_excerpt\" ><div style=\"text-align: left\" >OLLOKIN HIRU APARKALEKU EGITEKO OBRA EGITEKO EMANDAKO DIRULAGUNTZA Ikusi dokumentua: Resoluci\u00f3n 232E-2024<\/div><\/div><div class=\"vc_btn3-container vc_btn3-left ovic_vc_custom_5fca96d26a972\"><a class=\"vc_general vc_btn3 vc_btn3-size-md vc_btn3-shape-square vc_btn3-style-classic vc_btn3-color-black ovic_vc_custom_5fca96d26a972\" a href=\"https:\/\/www.esteribar.org\/esteribar.eus\/2024ko-nafarroako-aurrekontu-orokorrean-esteribarko-udalari-emandako-dirulaguntza-izenduna\/\" class=\"vc_gitem-link vc_general vc_btn3 vc_general vc_btn3 vc_btn3-size-md vc_btn3-shape-square vc_btn3-style-classic vc_btn3-color-black ovic_vc_custom_5fca96d26a972\" title=\"INFORMAZIO GEHIAGO\">INFORMAZIO GEHIAGO<\/a><\/div><\/div><\/div><\/div><\/div><\/div><\/div><div class=\"vc_clearfix\"><\/div><\/div><div class=\"vc_grid-item vc_clearfix vc_col-sm-12\"><div class=\"vc_grid-item-mini vc_clearfix \"><div class=\"vc_gitem-animated-block \" \"><div class=\"vc_gitem-zone vc_gitem-zone-a\" style=\"height: 175px;\"><div class=\"vc_gitem-zone-mini\"><div class=\"vc_gitem_row vc_row vc_gitem-row-position-middle\"><div class=\"vc_col-sm-12 vc_gitem-col vc_gitem-col-align-\"><div class=\"vc_custom_heading vc_gitem-post-data vc_gitem-post-data-source-post_title\" ><h6 style=\"text-align: left\" >UDALARI EMANDAKO DIRULAGUNTZAK \u2013 2023. URTEA<\/h6><\/div><div class=\"vc_custom_heading vc_gitem-post-data vc_gitem-post-data-source-post_excerpt\" ><div style=\"text-align: left\" >Ikusi dokumentua: Subvenciones A\u00d1O 2023<\/div><\/div><div class=\"vc_btn3-container vc_btn3-left ovic_vc_custom_5fca96d26a972\"><a class=\"vc_general vc_btn3 vc_btn3-size-md vc_btn3-shape-square vc_btn3-style-classic vc_btn3-color-black ovic_vc_custom_5fca96d26a972\" a href=\"https:\/\/www.esteribar.org\/esteribar.eus\/udalari-emandako-dirulaguntzak-2023-urtea\/\" class=\"vc_gitem-link vc_general vc_btn3 vc_general vc_btn3 vc_btn3-size-md vc_btn3-shape-square vc_btn3-style-classic vc_btn3-color-black ovic_vc_custom_5fca96d26a972\" title=\"INFORMAZIO GEHIAGO\">INFORMAZIO GEHIAGO<\/a><\/div><\/div><\/div><\/div><\/div><\/div><\/div><div class=\"vc_clearfix\"><\/div><\/div><div class=\"vc_grid-item vc_clearfix vc_col-sm-12\"><div class=\"vc_grid-item-mini vc_clearfix \"><div class=\"vc_gitem-animated-block \" \"><div class=\"vc_gitem-zone vc_gitem-zone-a\" style=\"height: 175px;\"><div class=\"vc_gitem-zone-mini\"><div class=\"vc_gitem_row vc_row vc_gitem-row-position-middle\"><div class=\"vc_col-sm-12 vc_gitem-col vc_gitem-col-align-\"><div class=\"vc_custom_heading vc_gitem-post-data vc_gitem-post-data-source-post_title\" ><h6 style=\"text-align: left\" >UDALARI EMANDAKO DIRULAGUNTZAK &#8211; EUROPAKO FUNTSAK &#8211; NEXT GENERATION<\/h6><\/div><div class=\"vc_custom_heading vc_gitem-post-data vc_gitem-post-data-source-post_excerpt\" ><div style=\"text-align: left\" >Ikusi dokumentua: SUBVENCIONES RECIBIDAS FONDOS EUROPEOS - NEXT GENERATION Plan de choque para la econom\u00eda de los cuidados y refuerzo de las pol\u00edticas de igualdad e inclusi\u00f3n: CENTRO DE D\u00cdA - FONDOS EUROPEOS - NEXT GENERATION<\/div><\/div><div class=\"vc_btn3-container vc_btn3-left ovic_vc_custom_5fca96d26a972\"><a class=\"vc_general vc_btn3 vc_btn3-size-md vc_btn3-shape-square vc_btn3-style-classic vc_btn3-color-black ovic_vc_custom_5fca96d26a972\" a href=\"https:\/\/www.esteribar.org\/esteribar.eus\/udalari-emandako-dirulaguntzak-europako-funtsak\/\" class=\"vc_gitem-link vc_general vc_btn3 vc_general vc_btn3 vc_btn3-size-md vc_btn3-shape-square vc_btn3-style-classic vc_btn3-color-black ovic_vc_custom_5fca96d26a972\" title=\"INFORMAZIO GEHIAGO\">INFORMAZIO GEHIAGO<\/a><\/div><\/div><\/div><\/div><\/div><\/div><\/div><div class=\"vc_clearfix\"><\/div><\/div><div class=\"vc_grid-item vc_clearfix vc_col-sm-12\"><div class=\"vc_grid-item-mini vc_clearfix \"><div class=\"vc_gitem-animated-block \" \"><div class=\"vc_gitem-zone vc_gitem-zone-a\" style=\"height: 175px;\"><div class=\"vc_gitem-zone-mini\"><div class=\"vc_gitem_row vc_row vc_gitem-row-position-middle\"><div class=\"vc_col-sm-12 vc_gitem-col vc_gitem-col-align-\"><div class=\"vc_custom_heading vc_gitem-post-data vc_gitem-post-data-source-post_title\" ><h6 style=\"text-align: left\" >UDALARI EMANDAKO DIRULAGUNTZAK \u2013 2022. URTEA<\/h6><\/div><div class=\"vc_custom_heading vc_gitem-post-data vc_gitem-post-data-source-post_excerpt\" ><div style=\"text-align: left\" >Ikusi dokumentua: Subvenciones A\u00d1O 2022<\/div><\/div><div class=\"vc_btn3-container vc_btn3-left ovic_vc_custom_5fca96d26a972\"><a class=\"vc_general vc_btn3 vc_btn3-size-md vc_btn3-shape-square vc_btn3-style-classic vc_btn3-color-black ovic_vc_custom_5fca96d26a972\" a href=\"https:\/\/www.esteribar.org\/esteribar.eus\/udalari-emandako-dirulaguntzak-2022-urtea\/\" class=\"vc_gitem-link vc_general vc_btn3 vc_general vc_btn3 vc_btn3-size-md vc_btn3-shape-square vc_btn3-style-classic vc_btn3-color-black ovic_vc_custom_5fca96d26a972\" title=\"INFORMAZIO GEHIAGO\">INFORMAZIO GEHIAGO<\/a><\/div><\/div><\/div><\/div><\/div><\/div><\/div><div class=\"vc_clearfix\"><\/div><\/div><div class=\"vc_grid-item vc_clearfix vc_col-sm-12\"><div class=\"vc_grid-item-mini vc_clearfix \"><div class=\"vc_gitem-animated-block \" \"><div class=\"vc_gitem-zone vc_gitem-zone-a\" style=\"height: 175px;\"><div class=\"vc_gitem-zone-mini\"><div class=\"vc_gitem_row vc_row vc_gitem-row-position-middle\"><div class=\"vc_col-sm-12 vc_gitem-col vc_gitem-col-align-\"><div class=\"vc_custom_heading vc_gitem-post-data vc_gitem-post-data-source-post_title\" ><h6 style=\"text-align: left\" >UDALARI EMANDAKO DIRULAGUNTZAK \u2013 2021. URTEA<\/h6><\/div><div class=\"vc_custom_heading vc_gitem-post-data vc_gitem-post-data-source-post_excerpt\" ><div style=\"text-align: left\" >Ikusi dokumentua: Subvenciones A\u00d1O 2021<\/div><\/div><div class=\"vc_btn3-container vc_btn3-left ovic_vc_custom_5fca96d26a972\"><a class=\"vc_general vc_btn3 vc_btn3-size-md vc_btn3-shape-square vc_btn3-style-classic vc_btn3-color-black ovic_vc_custom_5fca96d26a972\" a href=\"https:\/\/www.esteribar.org\/esteribar.eus\/udalari-emandako-dirulaguntzak-2021-urtea\/\" class=\"vc_gitem-link vc_general vc_btn3 vc_general vc_btn3 vc_btn3-size-md vc_btn3-shape-square vc_btn3-style-classic vc_btn3-color-black ovic_vc_custom_5fca96d26a972\" title=\"INFORMAZIO GEHIAGO\">INFORMAZIO GEHIAGO<\/a><\/div><\/div><\/div><\/div><\/div><\/div><\/div><div class=\"vc_clearfix\"><\/div><\/div><div class=\"vc_grid-item vc_clearfix vc_col-sm-12\"><div class=\"vc_grid-item-mini vc_clearfix \"><div class=\"vc_gitem-animated-block \" \"><div class=\"vc_gitem-zone vc_gitem-zone-a\" style=\"height: 175px;\"><div class=\"vc_gitem-zone-mini\"><div class=\"vc_gitem_row vc_row vc_gitem-row-position-middle\"><div class=\"vc_col-sm-12 vc_gitem-col vc_gitem-col-align-\"><div class=\"vc_custom_heading vc_gitem-post-data vc_gitem-post-data-source-post_title\" ><h6 style=\"text-align: left\" >UDALARI EMANDAKO DIRULAGUNTZAK \u2013 2020. URTEA<\/h6><\/div><div class=\"vc_custom_heading vc_gitem-post-data vc_gitem-post-data-source-post_excerpt\" ><div style=\"text-align: left\" >Ikusi dokumentua: Subvenciones A\u00d1O 2020<\/div><\/div><div class=\"vc_btn3-container vc_btn3-left ovic_vc_custom_5fca96d26a972\"><a class=\"vc_general vc_btn3 vc_btn3-size-md vc_btn3-shape-square vc_btn3-style-classic vc_btn3-color-black ovic_vc_custom_5fca96d26a972\" a href=\"https:\/\/www.esteribar.org\/esteribar.eus\/udalari-emandako-dirulaguntzak-2020-urtea\/\" class=\"vc_gitem-link vc_general vc_btn3 vc_general vc_btn3 vc_btn3-size-md vc_btn3-shape-square vc_btn3-style-classic vc_btn3-color-black ovic_vc_custom_5fca96d26a972\" title=\"INFORMAZIO GEHIAGO\">INFORMAZIO GEHIAGO<\/a><\/div><\/div><\/div><\/div><\/div><\/div><\/div><div class=\"vc_clearfix\"><\/div><\/div><div class=\"vc_grid-item vc_clearfix vc_col-sm-12\"><div class=\"vc_grid-item-mini vc_clearfix \"><div class=\"vc_gitem-animated-block \" \"><div class=\"vc_gitem-zone vc_gitem-zone-a\" style=\"height: 175px;\"><div class=\"vc_gitem-zone-mini\"><div class=\"vc_gitem_row vc_row vc_gitem-row-position-middle\"><div class=\"vc_col-sm-12 vc_gitem-col vc_gitem-col-align-\"><div class=\"vc_custom_heading vc_gitem-post-data vc_gitem-post-data-source-post_title\" ><h6 style=\"text-align: left\" >UDALARI EMANDAKO DIRULAGUNTZAK \u2013 2019. URTEA<\/h6><\/div><div class=\"vc_custom_heading vc_gitem-post-data vc_gitem-post-data-source-post_excerpt\" ><div style=\"text-align: left\" >Ikusi dokumentua: Subvenciones A\u00d1O 2019<\/div><\/div><div class=\"vc_btn3-container vc_btn3-left ovic_vc_custom_5fca96d26a972\"><a class=\"vc_general vc_btn3 vc_btn3-size-md vc_btn3-shape-square vc_btn3-style-classic vc_btn3-color-black ovic_vc_custom_5fca96d26a972\" a href=\"https:\/\/www.esteribar.org\/esteribar.eus\/udalari-emandako-dirulaguntzak-2019-urtea\/\" class=\"vc_gitem-link vc_general vc_btn3 vc_general vc_btn3 vc_btn3-size-md vc_btn3-shape-square vc_btn3-style-classic vc_btn3-color-black ovic_vc_custom_5fca96d26a972\" title=\"INFORMAZIO GEHIAGO\">INFORMAZIO GEHIAGO<\/a><\/div><\/div><\/div><\/div><\/div><\/div><\/div><div class=\"vc_clearfix\"><\/div><\/div><div class=\"vc_grid-item vc_clearfix vc_col-sm-12\"><div class=\"vc_grid-item-mini vc_clearfix \"><div class=\"vc_gitem-animated-block \" \"><div class=\"vc_gitem-zone vc_gitem-zone-a\" style=\"height: 175px;\"><div class=\"vc_gitem-zone-mini\"><div class=\"vc_gitem_row vc_row vc_gitem-row-position-middle\"><div class=\"vc_col-sm-12 vc_gitem-col vc_gitem-col-align-\"><div class=\"vc_custom_heading vc_gitem-post-data vc_gitem-post-data-source-post_title\" ><h6 style=\"text-align: left\" >LAGUNTZAK PAREER II (IDAE) \u2013 ZUBIRIKO IKASTETXE ERAIKINAREN BIRGAITZE ENERGETIKOA<\/h6><\/div><div class=\"vc_custom_heading vc_gitem-post-data vc_gitem-post-data-source-post_excerpt\" ><div style=\"text-align: left\" >Rehabilitaci\u00f3n energ\u00e9tica de edificio municipal en Zubiri - Colegio Gloria Larrainzar EMANDAKO LAGUNTZA: 79.271,84 \u20ac<\/div><\/div><div class=\"vc_btn3-container vc_btn3-left ovic_vc_custom_5fca96d26a972\"><a class=\"vc_general vc_btn3 vc_btn3-size-md vc_btn3-shape-square vc_btn3-style-classic vc_btn3-color-black ovic_vc_custom_5fca96d26a972\" a href=\"https:\/\/www.esteribar.org\/esteribar.eus\/laguntzak-pareer-ii-idae-zubiriko-ikastetxe-eraikinaren-birgaitze-energetikoa\/\" class=\"vc_gitem-link vc_general vc_btn3 vc_general vc_btn3 vc_btn3-size-md vc_btn3-shape-square vc_btn3-style-classic vc_btn3-color-black ovic_vc_custom_5fca96d26a972\" title=\"INFORMAZIO GEHIAGO\">INFORMAZIO GEHIAGO<\/a><\/div><\/div><\/div><\/div><\/div><\/div><\/div><div class=\"vc_clearfix\"><\/div><\/div><\/div><\/div>\n\t<\/div>\n<\/div><\/div><\/div><\/div><\/div>\n","protected":false},"excerpt":{"rendered":"JASOTAKO DIRULAGUNTZAK IRURITAKO BIDEAN, GENDULAINEN EGINDAKO HOBEKUNTZAK ETA ERREAKO USATEGIETARAKO BIDEAN EGINDAKO HOBEKUNTZAKNAFARROAKO N.P.E.-REN PLAN ESTRATEGIKOA 2023-2027 ABELTZAINTZAKO TOKI AZPIEGITURAK SORTZEKO ETA HOBETZEKO LAGUNTZAK 2024 Cartel infraestructurasINFORMAZIO GEHIAGOUDALARI EMANDAKO DIRULAGUNTZAK \u2013 2023. URTEAIkusi dokumentua: Subvenciones A\u00d1O 2023INFORMAZIO GEHIAGOUDALARI EMANDAKO DIRULAGUNTZAK \u2013 2022. URTEAIkusi dokumentua: Subvenciones A\u00d1O 2022INFORMAZIO GEHIAGOUDALARI EMANDAKO DIRULAGUNTZAK \u2013 2020. URTEAIkusi dokumentua: Subvenciones [...]","protected":false},"author":2,"featured_media":0,"parent":0,"menu_order":0,"comment_status":"closed","ping_status":"closed","template":"","meta":{"footnotes":""},"jetpack_sharing_enabled":true,"_links":{"self":[{"href":"https:\/\/www.esteribar.org\/esteribar.eus\/wp-json\/wp\/v2\/pages\/11701"}],"collection":[{"href":"https:\/\/www.esteribar.org\/esteribar.eus\/wp-json\/wp\/v2\/pages"}],"about":[{"href":"https:\/\/www.esteribar.org\/esteribar.eus\/wp-json\/wp\/v2\/types\/page"}],"author":[{"embeddable":true,"href":"https:\/\/www.esteribar.org\/esteribar.eus\/wp-json\/wp\/v2\/users\/2"}],"replies":[{"embeddable":true,"href":"https:\/\/www.esteribar.org\/esteribar.eus\/wp-json\/wp\/v2\/comments?post=11701"}],"version-history":[{"count":2,"href":"https:\/\/www.esteribar.org\/esteribar.eus\/wp-json\/wp\/v2\/pages\/11701\/revisions"}],"predecessor-version":[{"id":11706,"href":"https:\/\/www.esteribar.org\/esteribar.eus\/wp-json\/wp\/v2\/pages\/11701\/revisions\/11706"}],"wp:attachment":[{"href":"https:\/\/www.esteribar.org\/esteribar.eus\/wp-json\/wp\/v2\/media?parent=11701"}],"curies":[{"name":"wp","href":"https:\/\/api.w.org\/{rel}","templated":true}]}}