{"id":9835,"date":"2021-03-25T11:08:52","date_gmt":"2021-03-25T11:08:52","guid":{"rendered":"http:\/\/esteribar.org\/esteribar.esp\/?page_id=9835"},"modified":"2021-03-25T11:26:49","modified_gmt":"2021-03-25T11:26:49","slug":"esteribar-en-los-medios","status":"publish","type":"page","link":"https:\/\/www.esteribar.org\/esteribar.esp\/esteribar-en-los-medios\/","title":{"rendered":"esteribar.en.los.medios"},"content":{"rendered":"<div class=\"vc_row wpb_row vc_row-fluid\"><div class=\"wpb_column vc_column_container vc_col-sm-12\"><div class=\"vc_column-inner\"><div class=\"wpb_wrapper\"><div class=\"vc_empty_space\"   style=\"height: 64px\"><span class=\"vc_empty_space_inner\"><\/span><\/div>\n\t<div class=\"wpb_text_column wpb_content_element ovic_vc_custom_605c7379c8ee6 \" >\n\t\t<div class=\"wpb_wrapper\">\n\t\t\t<div class=\"margin-top-40 section-title text-center\">\n<h3 style=\"color: #c99947; text-align: center;\">ESTERIBAR EN LOS MEDIOS<\/h3>\n<\/div>\n\n\t\t<\/div>\n\t<\/div>\n<div class=\"vc_empty_space\"   style=\"height: 64px\"><span class=\"vc_empty_space_inner\"><\/span><\/div><\/div><\/div><\/div><div class=\"wpb_column vc_column_container vc_col-sm-12\"><div class=\"vc_column-inner\"><div class=\"wpb_wrapper\">\n<div class=\"vc_grid-container-wrapper vc_clearfix\">\n\t<div class=\"vc_grid-container vc_clearfix wpb_content_element vc_basic_grid ovic_vc_custom_605c7379c8eea \" data-initial-loading-animation=\"none\" data-vc-grid-settings=\"{&quot;page_id&quot;:9835,&quot;style&quot;:&quot;all&quot;,&quot;action&quot;:&quot;vc_get_vc_grid_data&quot;,&quot;shortcode_id&quot;:&quot;1616671201307-47fdf177-6862-0&quot;,&quot;tag&quot;:&quot;vc_basic_grid&quot;}\" data-vc-request=\"https:\/\/www.esteribar.org\/esteribar.esp\/wp-admin\/admin-ajax.php\" data-vc-post-id=\"9835\" data-vc-public-nonce=\"1d093bfc8b\">\n\t\t<div class=\"vc_grid vc_row vc_grid-gutter-30px vc_pageable-wrapper vc_hook_hover\" data-vc-pageable-content=\"true\"><div class=\"vc_pageable-slide-wrapper vc_clearfix\" data-vc-grid-content=\"true\"><div class=\"vc_grid-item vc_clearfix vc_col-sm-12\"><div class=\"vc_grid-item-mini vc_clearfix \"><div class=\"vc_gitem-animated-block \" \"><div class=\"vc_gitem-zone vc_gitem-zone-a\" style=\"height: 150px;\"><div class=\"vc_gitem-zone-mini\"><div class=\"vc_gitem_row vc_row vc_gitem-row-position-middle\"><div class=\"vc_col-sm-12 vc_gitem-col vc_gitem-col-align-\"><div class=\"vc_custom_heading vc_gitem-post-data vc_gitem-post-data-source-post_title\" ><h6 style=\"text-align: left\" >CAMPA\u00d1A DE ACTUALIZACI\u00d3N DEL REGISTRO DE ANIMALES DE COMPA\u00d1IA -PERROS<\/h6><\/div><div class=\"vc_btn3-container vc_btn3-left ovic_vc_custom_605c7620be49d\"><a class=\"vc_general vc_btn3 vc_btn3-size-md vc_btn3-shape-square vc_btn3-style-classic vc_btn3-color-black ovic_vc_custom_605c7620be49d\" a href=\"https:\/\/www.esteribar.org\/esteribar.esp\/campana-de-actualizacion-del-registro-de-animales-de-compania-perros\/\" class=\"vc_gitem-link vc_general vc_btn3 vc_general vc_btn3 vc_btn3-size-md vc_btn3-shape-square vc_btn3-style-classic vc_btn3-color-black ovic_vc_custom_605c7620be49d\" title=\"M\u00c1S INFORMACI\u00d3N\">M\u00c1S INFORMACI\u00d3N<\/a><\/div><\/div><\/div><\/div><\/div><\/div><\/div><div class=\"vc_clearfix\"><\/div><\/div><div class=\"vc_grid-item vc_clearfix vc_col-sm-12\"><div class=\"vc_grid-item-mini vc_clearfix \"><div class=\"vc_gitem-animated-block \" \"><div class=\"vc_gitem-zone vc_gitem-zone-a\" style=\"height: 150px;\"><div class=\"vc_gitem-zone-mini\"><div class=\"vc_gitem_row vc_row vc_gitem-row-position-middle\"><div class=\"vc_col-sm-12 vc_gitem-col vc_gitem-col-align-\"><div class=\"vc_custom_heading vc_gitem-post-data vc_gitem-post-data-source-post_title\" ><h6 style=\"text-align: left\" >CAMPA\u00d1A DE ACTUALIZACI\u00d3N DEL REGISTRO DE ANIMALES DE COMPA\u00d1IA- GATOS<\/h6><\/div><div class=\"vc_btn3-container vc_btn3-left ovic_vc_custom_605c7620be49d\"><a class=\"vc_general vc_btn3 vc_btn3-size-md vc_btn3-shape-square vc_btn3-style-classic vc_btn3-color-black ovic_vc_custom_605c7620be49d\" a href=\"https:\/\/www.esteribar.org\/esteribar.esp\/campana-de-actualizacion-del-registro-de-animales-de-compania\/\" class=\"vc_gitem-link vc_general vc_btn3 vc_general vc_btn3 vc_btn3-size-md vc_btn3-shape-square vc_btn3-style-classic vc_btn3-color-black ovic_vc_custom_605c7620be49d\" title=\"M\u00c1S INFORMACI\u00d3N\">M\u00c1S INFORMACI\u00d3N<\/a><\/div><\/div><\/div><\/div><\/div><\/div><\/div><div class=\"vc_clearfix\"><\/div><\/div><div class=\"vc_grid-item vc_clearfix vc_col-sm-12\"><div class=\"vc_grid-item-mini vc_clearfix \"><div class=\"vc_gitem-animated-block \" \"><div class=\"vc_gitem-zone vc_gitem-zone-a\" style=\"height: 150px;\"><div class=\"vc_gitem-zone-mini\"><div class=\"vc_gitem_row vc_row vc_gitem-row-position-middle\"><div class=\"vc_col-sm-12 vc_gitem-col vc_gitem-col-align-\"><div class=\"vc_custom_heading vc_gitem-post-data vc_gitem-post-data-source-post_title\" ><h6 style=\"text-align: left\" >Tras 15 a\u00f1os, el bar lleg\u00f3 a Olloki<\/h6><\/div><div class=\"vc_btn3-container vc_btn3-left ovic_vc_custom_605c7620be49d\"><a class=\"vc_general vc_btn3 vc_btn3-size-md vc_btn3-shape-square vc_btn3-style-classic vc_btn3-color-black ovic_vc_custom_605c7620be49d\" a href=\"https:\/\/www.esteribar.org\/esteribar.esp\/tras-15-anos-el-bar-llego-a-olloki\/\" class=\"vc_gitem-link vc_general vc_btn3 vc_general vc_btn3 vc_btn3-size-md vc_btn3-shape-square vc_btn3-style-classic vc_btn3-color-black ovic_vc_custom_605c7620be49d\" title=\"M\u00c1S INFORMACI\u00d3N\">M\u00c1S INFORMACI\u00d3N<\/a><\/div><\/div><\/div><\/div><\/div><\/div><\/div><div class=\"vc_clearfix\"><\/div><\/div><div class=\"vc_grid-item vc_clearfix vc_col-sm-12\"><div class=\"vc_grid-item-mini vc_clearfix \"><div class=\"vc_gitem-animated-block \" \"><div class=\"vc_gitem-zone vc_gitem-zone-a\" style=\"height: 150px;\"><div class=\"vc_gitem-zone-mini\"><div class=\"vc_gitem_row vc_row vc_gitem-row-position-middle\"><div class=\"vc_col-sm-12 vc_gitem-col vc_gitem-col-align-\"><div class=\"vc_custom_heading vc_gitem-post-data vc_gitem-post-data-source-post_title\" ><h6 style=\"text-align: left\" >Suplemento Especial ZUBIRI &#8211; PAMPLONA<\/h6><\/div><div class=\"vc_btn3-container vc_btn3-left ovic_vc_custom_605c7620be49d\"><a class=\"vc_general vc_btn3 vc_btn3-size-md vc_btn3-shape-square vc_btn3-style-classic vc_btn3-color-black ovic_vc_custom_605c7620be49d\" a href=\"https:\/\/www.esteribar.org\/esteribar.esp\/suplemento-especial-zubiri-pamplona\/\" class=\"vc_gitem-link vc_general vc_btn3 vc_general vc_btn3 vc_btn3-size-md vc_btn3-shape-square vc_btn3-style-classic vc_btn3-color-black ovic_vc_custom_605c7620be49d\" title=\"M\u00c1S INFORMACI\u00d3N\">M\u00c1S INFORMACI\u00d3N<\/a><\/div><\/div><\/div><\/div><\/div><\/div><\/div><div class=\"vc_clearfix\"><\/div><\/div><div class=\"vc_grid-item vc_clearfix vc_col-sm-12\"><div class=\"vc_grid-item-mini vc_clearfix \"><div class=\"vc_gitem-animated-block \" \"><div class=\"vc_gitem-zone vc_gitem-zone-a\" style=\"height: 150px;\"><div class=\"vc_gitem-zone-mini\"><div class=\"vc_gitem_row vc_row vc_gitem-row-position-middle\"><div class=\"vc_col-sm-12 vc_gitem-col vc_gitem-col-align-\"><div class=\"vc_custom_heading vc_gitem-post-data vc_gitem-post-data-source-post_title\" ><h6 style=\"text-align: left\" >Kintoan Barna, el nuevo corredor verde de 80 kil\u00f3metros entre Navarra y Francia<\/h6><\/div><div class=\"vc_btn3-container vc_btn3-left ovic_vc_custom_605c7620be49d\"><a class=\"vc_general vc_btn3 vc_btn3-size-md vc_btn3-shape-square vc_btn3-style-classic vc_btn3-color-black ovic_vc_custom_605c7620be49d\" a href=\"https:\/\/www.esteribar.org\/esteribar.esp\/kintoan-barna-el-nuevo-corredor-verde-de-80-kilometros-entre-navarra-y-francia\/\" class=\"vc_gitem-link vc_general vc_btn3 vc_general vc_btn3 vc_btn3-size-md vc_btn3-shape-square vc_btn3-style-classic vc_btn3-color-black ovic_vc_custom_605c7620be49d\" title=\"M\u00c1S INFORMACI\u00d3N\">M\u00c1S INFORMACI\u00d3N<\/a><\/div><\/div><\/div><\/div><\/div><\/div><\/div><div class=\"vc_clearfix\"><\/div><\/div><div class=\"vc_grid-item vc_clearfix vc_col-sm-12\"><div class=\"vc_grid-item-mini vc_clearfix \"><div class=\"vc_gitem-animated-block \" \"><div class=\"vc_gitem-zone vc_gitem-zone-a\" style=\"height: 150px;\"><div class=\"vc_gitem-zone-mini\"><div class=\"vc_gitem_row vc_row vc_gitem-row-position-middle\"><div class=\"vc_col-sm-12 vc_gitem-col vc_gitem-col-align-\"><div class=\"vc_custom_heading vc_gitem-post-data vc_gitem-post-data-source-post_title\" ><h6 style=\"text-align: left\" >Esteribar, un valle en reactivaci\u00f3n<\/h6><\/div><div class=\"vc_btn3-container vc_btn3-left ovic_vc_custom_605c7620be49d\"><a class=\"vc_general vc_btn3 vc_btn3-size-md vc_btn3-shape-square vc_btn3-style-classic vc_btn3-color-black ovic_vc_custom_605c7620be49d\" a href=\"https:\/\/www.esteribar.org\/esteribar.esp\/esteribar-un-valle-en-reactivacion\/\" class=\"vc_gitem-link vc_general vc_btn3 vc_general vc_btn3 vc_btn3-size-md vc_btn3-shape-square vc_btn3-style-classic vc_btn3-color-black ovic_vc_custom_605c7620be49d\" title=\"M\u00c1S INFORMACI\u00d3N\">M\u00c1S INFORMACI\u00d3N<\/a><\/div><\/div><\/div><\/div><\/div><\/div><\/div><div class=\"vc_clearfix\"><\/div><\/div><div class=\"vc_grid-item vc_clearfix vc_col-sm-12\"><div class=\"vc_grid-item-mini vc_clearfix \"><div class=\"vc_gitem-animated-block \" \"><div class=\"vc_gitem-zone vc_gitem-zone-a\" style=\"height: 150px;\"><div class=\"vc_gitem-zone-mini\"><div class=\"vc_gitem_row vc_row vc_gitem-row-position-middle\"><div class=\"vc_col-sm-12 vc_gitem-col vc_gitem-col-align-\"><div class=\"vc_custom_heading vc_gitem-post-data vc_gitem-post-data-source-post_title\" ><h6 style=\"text-align: left\" >Zubiri gana patio en auzolan para su centro escolar<\/h6><\/div><div class=\"vc_btn3-container vc_btn3-left ovic_vc_custom_605c7620be49d\"><a class=\"vc_general vc_btn3 vc_btn3-size-md vc_btn3-shape-square vc_btn3-style-classic vc_btn3-color-black ovic_vc_custom_605c7620be49d\" a href=\"https:\/\/www.esteribar.org\/esteribar.esp\/zubiri-gana-patio-en-auzolan-para-su-centro-escolar\/\" class=\"vc_gitem-link vc_general vc_btn3 vc_general vc_btn3 vc_btn3-size-md vc_btn3-shape-square vc_btn3-style-classic vc_btn3-color-black ovic_vc_custom_605c7620be49d\" title=\"M\u00c1S INFORMACI\u00d3N\">M\u00c1S INFORMACI\u00d3N<\/a><\/div><\/div><\/div><\/div><\/div><\/div><\/div><div class=\"vc_clearfix\"><\/div><\/div><div class=\"vc_grid-item vc_clearfix vc_col-sm-12\"><div class=\"vc_grid-item-mini vc_clearfix \"><div class=\"vc_gitem-animated-block \" \"><div class=\"vc_gitem-zone vc_gitem-zone-a\" style=\"height: 150px;\"><div class=\"vc_gitem-zone-mini\"><div class=\"vc_gitem_row vc_row vc_gitem-row-position-middle\"><div class=\"vc_col-sm-12 vc_gitem-col vc_gitem-col-align-\"><div class=\"vc_custom_heading vc_gitem-post-data vc_gitem-post-data-source-post_title\" ><h6 style=\"text-align: left\" >Faustino Aizkorbe: \u201cOlloki siempre ha sido y ser\u00e1 mi pueblo querido\u201d<\/h6><\/div><div class=\"vc_btn3-container vc_btn3-left ovic_vc_custom_605c7620be49d\"><a class=\"vc_general vc_btn3 vc_btn3-size-md vc_btn3-shape-square vc_btn3-style-classic vc_btn3-color-black ovic_vc_custom_605c7620be49d\" a href=\"https:\/\/www.esteribar.org\/esteribar.esp\/faustino-aizkorbe-olloki-siempre-ha-sido-y-sera-mi-pueblo-querido\/\" class=\"vc_gitem-link vc_general vc_btn3 vc_general vc_btn3 vc_btn3-size-md vc_btn3-shape-square vc_btn3-style-classic vc_btn3-color-black ovic_vc_custom_605c7620be49d\" title=\"M\u00c1S INFORMACI\u00d3N\">M\u00c1S INFORMACI\u00d3N<\/a><\/div><\/div><\/div><\/div><\/div><\/div><\/div><div class=\"vc_clearfix\"><\/div><\/div><div class=\"vc_grid-item vc_clearfix vc_col-sm-12\"><div class=\"vc_grid-item-mini vc_clearfix \"><div class=\"vc_gitem-animated-block \" \"><div class=\"vc_gitem-zone vc_gitem-zone-a\" style=\"height: 150px;\"><div class=\"vc_gitem-zone-mini\"><div class=\"vc_gitem_row vc_row vc_gitem-row-position-middle\"><div class=\"vc_col-sm-12 vc_gitem-col vc_gitem-col-align-\"><div class=\"vc_custom_heading vc_gitem-post-data vc_gitem-post-data-source-post_title\" ><h6 style=\"text-align: left\" >El valle de Esteribar dobla su apuesta por el deporte de monta\u00f1a<\/h6><\/div><div class=\"vc_btn3-container vc_btn3-left ovic_vc_custom_605c7620be49d\"><a class=\"vc_general vc_btn3 vc_btn3-size-md vc_btn3-shape-square vc_btn3-style-classic vc_btn3-color-black ovic_vc_custom_605c7620be49d\" a href=\"https:\/\/www.esteribar.org\/esteribar.esp\/el-valle-de-esteribar-dobla-su-apuesta-por-el-deporte-de-montana\/\" class=\"vc_gitem-link vc_general vc_btn3 vc_general vc_btn3 vc_btn3-size-md vc_btn3-shape-square vc_btn3-style-classic vc_btn3-color-black ovic_vc_custom_605c7620be49d\" title=\"M\u00c1S INFORMACI\u00d3N\">M\u00c1S INFORMACI\u00d3N<\/a><\/div><\/div><\/div><\/div><\/div><\/div><\/div><div class=\"vc_clearfix\"><\/div><\/div><div class=\"vc_grid-item vc_clearfix vc_col-sm-12\"><div class=\"vc_grid-item-mini vc_clearfix \"><div class=\"vc_gitem-animated-block \" \"><div class=\"vc_gitem-zone vc_gitem-zone-a\" style=\"height: 150px;\"><div class=\"vc_gitem-zone-mini\"><div class=\"vc_gitem_row vc_row vc_gitem-row-position-middle\"><div class=\"vc_col-sm-12 vc_gitem-col vc_gitem-col-align-\"><div class=\"vc_custom_heading vc_gitem-post-data vc_gitem-post-data-source-post_title\" ><h6 style=\"text-align: left\" >ZUBIRI, CANDIDATA EL CONCURSO ESTATAL DE ARQUITECTURA RICHARD H. DRIEHAUS<\/h6><\/div><div class=\"vc_btn3-container vc_btn3-left ovic_vc_custom_605c7620be49d\"><a class=\"vc_general vc_btn3 vc_btn3-size-md vc_btn3-shape-square vc_btn3-style-classic vc_btn3-color-black ovic_vc_custom_605c7620be49d\" a href=\"https:\/\/www.esteribar.org\/esteribar.esp\/zubiri-candidata-el-concurso-estatal-de-arquitectura-richard-h-driehaus\/\" class=\"vc_gitem-link vc_general vc_btn3 vc_general vc_btn3 vc_btn3-size-md vc_btn3-shape-square vc_btn3-style-classic vc_btn3-color-black ovic_vc_custom_605c7620be49d\" title=\"M\u00c1S INFORMACI\u00d3N\">M\u00c1S INFORMACI\u00d3N<\/a><\/div><\/div><\/div><\/div><\/div><\/div><\/div><div class=\"vc_clearfix\"><\/div><\/div><div class=\"vc_grid-item vc_clearfix vc_col-sm-12\"><div class=\"vc_grid-item-mini vc_clearfix \"><div class=\"vc_gitem-animated-block \" \"><div class=\"vc_gitem-zone vc_gitem-zone-a\" style=\"height: 150px;\"><div class=\"vc_gitem-zone-mini\"><div class=\"vc_gitem_row vc_row vc_gitem-row-position-middle\"><div class=\"vc_col-sm-12 vc_gitem-col vc_gitem-col-align-\"><div class=\"vc_custom_heading vc_gitem-post-data vc_gitem-post-data-source-post_title\" ><h6 style=\"text-align: left\" >EL \u00abICEBERG\u00bb TUR\u00cdSTICO DE ESTERIBAR<\/h6><\/div><div class=\"vc_btn3-container vc_btn3-left ovic_vc_custom_605c7620be49d\"><a class=\"vc_general vc_btn3 vc_btn3-size-md vc_btn3-shape-square vc_btn3-style-classic vc_btn3-color-black ovic_vc_custom_605c7620be49d\" a href=\"https:\/\/www.esteribar.org\/esteribar.esp\/el-iceberg-turistico-de-esteribar-2\/\" class=\"vc_gitem-link vc_general vc_btn3 vc_general vc_btn3 vc_btn3-size-md vc_btn3-shape-square vc_btn3-style-classic vc_btn3-color-black ovic_vc_custom_605c7620be49d\" title=\"M\u00c1S INFORMACI\u00d3N\">M\u00c1S INFORMACI\u00d3N<\/a><\/div><\/div><\/div><\/div><\/div><\/div><\/div><div class=\"vc_clearfix\"><\/div><\/div><div class=\"vc_grid-item vc_clearfix vc_col-sm-12\"><div class=\"vc_grid-item-mini vc_clearfix \"><div class=\"vc_gitem-animated-block \" \"><div class=\"vc_gitem-zone vc_gitem-zone-a\" style=\"height: 150px;\"><div class=\"vc_gitem-zone-mini\"><div class=\"vc_gitem_row vc_row vc_gitem-row-position-middle\"><div class=\"vc_col-sm-12 vc_gitem-col vc_gitem-col-align-\"><div class=\"vc_custom_heading vc_gitem-post-data vc_gitem-post-data-source-post_title\" ><h6 style=\"text-align: left\" >\u00abDESTINO ESTERIBAR\u00bb, LA NUEVA MARCA QUE POTENCIA EL TURISMO EN EL VALLE<\/h6><\/div><div class=\"vc_btn3-container vc_btn3-left ovic_vc_custom_605c7620be49d\"><a class=\"vc_general vc_btn3 vc_btn3-size-md vc_btn3-shape-square vc_btn3-style-classic vc_btn3-color-black ovic_vc_custom_605c7620be49d\" a href=\"https:\/\/www.esteribar.org\/esteribar.esp\/destino-esteribar-la-nueva-marca-que-potencia-el-turismo-en-el-valle\/\" class=\"vc_gitem-link vc_general vc_btn3 vc_general vc_btn3 vc_btn3-size-md vc_btn3-shape-square vc_btn3-style-classic vc_btn3-color-black ovic_vc_custom_605c7620be49d\" title=\"M\u00c1S INFORMACI\u00d3N\">M\u00c1S INFORMACI\u00d3N<\/a><\/div><\/div><\/div><\/div><\/div><\/div><\/div><div class=\"vc_clearfix\"><\/div><\/div><div class=\"vc_grid-item vc_clearfix vc_col-sm-12\"><div class=\"vc_grid-item-mini vc_clearfix \"><div class=\"vc_gitem-animated-block \" \"><div class=\"vc_gitem-zone vc_gitem-zone-a\" style=\"height: 150px;\"><div class=\"vc_gitem-zone-mini\"><div class=\"vc_gitem_row vc_row vc_gitem-row-position-middle\"><div class=\"vc_col-sm-12 vc_gitem-col vc_gitem-col-align-\"><div class=\"vc_custom_heading vc_gitem-post-data vc_gitem-post-data-source-post_title\" ><h6 style=\"text-align: left\" >\u00abDESTINO ESTERIBAR\u00bb<\/h6><\/div><div class=\"vc_btn3-container vc_btn3-left ovic_vc_custom_605c7620be49d\"><a class=\"vc_general vc_btn3 vc_btn3-size-md vc_btn3-shape-square vc_btn3-style-classic vc_btn3-color-black ovic_vc_custom_605c7620be49d\" a href=\"https:\/\/www.esteribar.org\/esteribar.esp\/destino-esteribar\/\" class=\"vc_gitem-link vc_general vc_btn3 vc_general vc_btn3 vc_btn3-size-md vc_btn3-shape-square vc_btn3-style-classic vc_btn3-color-black ovic_vc_custom_605c7620be49d\" title=\"M\u00c1S INFORMACI\u00d3N\">M\u00c1S INFORMACI\u00d3N<\/a><\/div><\/div><\/div><\/div><\/div><\/div><\/div><div class=\"vc_clearfix\"><\/div><\/div><div class=\"vc_grid-item vc_clearfix vc_col-sm-12\"><div class=\"vc_grid-item-mini vc_clearfix \"><div class=\"vc_gitem-animated-block \" \"><div class=\"vc_gitem-zone vc_gitem-zone-a\" style=\"height: 150px;\"><div class=\"vc_gitem-zone-mini\"><div class=\"vc_gitem_row vc_row vc_gitem-row-position-middle\"><div class=\"vc_col-sm-12 vc_gitem-col vc_gitem-col-align-\"><div class=\"vc_custom_heading vc_gitem-post-data vc_gitem-post-data-source-post_title\" ><h6 style=\"text-align: left\" >HALLAN UN MILIARIO ROMANO EN SETOAIN<\/h6><\/div><div class=\"vc_btn3-container vc_btn3-left ovic_vc_custom_605c7620be49d\"><a class=\"vc_general vc_btn3 vc_btn3-size-md vc_btn3-shape-square vc_btn3-style-classic vc_btn3-color-black ovic_vc_custom_605c7620be49d\" a href=\"https:\/\/www.esteribar.org\/esteribar.esp\/hallan-un-miliario-romano-en-setoain\/\" class=\"vc_gitem-link vc_general vc_btn3 vc_general vc_btn3 vc_btn3-size-md vc_btn3-shape-square vc_btn3-style-classic vc_btn3-color-black ovic_vc_custom_605c7620be49d\" title=\"M\u00c1S INFORMACI\u00d3N\">M\u00c1S INFORMACI\u00d3N<\/a><\/div><\/div><\/div><\/div><\/div><\/div><\/div><div class=\"vc_clearfix\"><\/div><\/div><div class=\"vc_grid-item vc_clearfix vc_col-sm-12\"><div class=\"vc_grid-item-mini vc_clearfix \"><div class=\"vc_gitem-animated-block \" \"><div class=\"vc_gitem-zone vc_gitem-zone-a\" style=\"height: 150px;\"><div class=\"vc_gitem-zone-mini\"><div class=\"vc_gitem_row vc_row vc_gitem-row-position-middle\"><div class=\"vc_col-sm-12 vc_gitem-col vc_gitem-col-align-\"><div class=\"vc_custom_heading vc_gitem-post-data vc_gitem-post-data-source-post_title\" ><h6 style=\"text-align: left\" >ALERTA EN OLLOKI ANTE EL SEGUIMIENTO DE UN COCHE A MENORES<\/h6><\/div><div class=\"vc_btn3-container vc_btn3-left ovic_vc_custom_605c7620be49d\"><a class=\"vc_general vc_btn3 vc_btn3-size-md vc_btn3-shape-square vc_btn3-style-classic vc_btn3-color-black ovic_vc_custom_605c7620be49d\" a href=\"https:\/\/www.esteribar.org\/esteribar.esp\/alerta-en-olloki-ante-el-seguimiento-de-un-coche-a-menores\/\" class=\"vc_gitem-link vc_general vc_btn3 vc_general vc_btn3 vc_btn3-size-md vc_btn3-shape-square vc_btn3-style-classic vc_btn3-color-black ovic_vc_custom_605c7620be49d\" title=\"M\u00c1S INFORMACI\u00d3N\">M\u00c1S INFORMACI\u00d3N<\/a><\/div><\/div><\/div><\/div><\/div><\/div><\/div><div class=\"vc_clearfix\"><\/div><\/div><div class=\"vc_grid-item vc_clearfix vc_col-sm-12\"><div class=\"vc_grid-item-mini vc_clearfix \"><div class=\"vc_gitem-animated-block \" \"><div class=\"vc_gitem-zone vc_gitem-zone-a\" style=\"height: 150px;\"><div class=\"vc_gitem-zone-mini\"><div class=\"vc_gitem_row vc_row vc_gitem-row-position-middle\"><div class=\"vc_col-sm-12 vc_gitem-col vc_gitem-col-align-\"><div class=\"vc_custom_heading vc_gitem-post-data vc_gitem-post-data-source-post_title\" ><h6 style=\"text-align: left\" >EL GOBIERNO DENIEGA A OLLOKI CONSTITUIRSE COMO CONCEJO DE ESTERIBAR<\/h6><\/div><div class=\"vc_btn3-container vc_btn3-left ovic_vc_custom_605c7620be49d\"><a class=\"vc_general vc_btn3 vc_btn3-size-md vc_btn3-shape-square vc_btn3-style-classic vc_btn3-color-black ovic_vc_custom_605c7620be49d\" a href=\"https:\/\/www.esteribar.org\/esteribar.esp\/el-gobierno-deniega-a-olloki-constituirse-como-concejo-de-esteribar\/\" class=\"vc_gitem-link vc_general vc_btn3 vc_general vc_btn3 vc_btn3-size-md vc_btn3-shape-square vc_btn3-style-classic vc_btn3-color-black ovic_vc_custom_605c7620be49d\" title=\"M\u00c1S INFORMACI\u00d3N\">M\u00c1S INFORMACI\u00d3N<\/a><\/div><\/div><\/div><\/div><\/div><\/div><\/div><div class=\"vc_clearfix\"><\/div><\/div><div class=\"vc_grid-item vc_clearfix vc_col-sm-12\"><div class=\"vc_grid-item-mini vc_clearfix \"><div class=\"vc_gitem-animated-block \" \"><div class=\"vc_gitem-zone vc_gitem-zone-a\" style=\"height: 150px;\"><div class=\"vc_gitem-zone-mini\"><div class=\"vc_gitem_row vc_row vc_gitem-row-position-middle\"><div class=\"vc_col-sm-12 vc_gitem-col vc_gitem-col-align-\"><div class=\"vc_custom_heading vc_gitem-post-data vc_gitem-post-data-source-post_title\" ><h6 style=\"text-align: left\" >GANANDO PATIO EN ZUBIRI<\/h6><\/div><div class=\"vc_btn3-container vc_btn3-left ovic_vc_custom_605c7620be49d\"><a class=\"vc_general vc_btn3 vc_btn3-size-md vc_btn3-shape-square vc_btn3-style-classic vc_btn3-color-black ovic_vc_custom_605c7620be49d\" a href=\"https:\/\/www.esteribar.org\/esteribar.esp\/ganando-patio-en-zubiri\/\" class=\"vc_gitem-link vc_general vc_btn3 vc_general vc_btn3 vc_btn3-size-md vc_btn3-shape-square vc_btn3-style-classic vc_btn3-color-black ovic_vc_custom_605c7620be49d\" title=\"M\u00c1S INFORMACI\u00d3N\">M\u00c1S INFORMACI\u00d3N<\/a><\/div><\/div><\/div><\/div><\/div><\/div><\/div><div class=\"vc_clearfix\"><\/div><\/div><\/div><\/div>\n\t<\/div>\n<\/div><\/div><\/div><\/div><\/div>\n","protected":false},"excerpt":{"rendered":"ESTERIBAR EN LOS MEDIOS CAMPA\u00d1A DE ACTUALIZACI\u00d3N DEL REGISTRO DE ANIMALES DE COMPA\u00d1IA- GATOSM\u00c1S INFORMACI\u00d3NSuplemento Especial ZUBIRI &#8211; PAMPLONAM\u00c1S INFORMACI\u00d3NEsteribar, un valle en reactivaci\u00f3nM\u00c1S INFORMACI\u00d3NFaustino Aizkorbe: \u201cOlloki siempre ha sido y ser\u00e1 mi pueblo querido\u201dM\u00c1S INFORMACI\u00d3NZUBIRI, CANDIDATA EL CONCURSO ESTATAL DE ARQUITECTURA RICHARD H. DRIEHAUSM\u00c1S INFORMACI\u00d3N\u00abDESTINO ESTERIBAR\u00bb, LA NUEVA MARCA QUE POTENCIA EL TURISMO EN [...]","protected":false},"author":2,"featured_media":0,"parent":0,"menu_order":0,"comment_status":"closed","ping_status":"closed","template":"","meta":{"footnotes":""},"class_list":["post-9835","page","type-page","status-publish","hentry"],"_links":{"self":[{"href":"https:\/\/www.esteribar.org\/esteribar.esp\/wp-json\/wp\/v2\/pages\/9835","targetHints":{"allow":["GET"]}}],"collection":[{"href":"https:\/\/www.esteribar.org\/esteribar.esp\/wp-json\/wp\/v2\/pages"}],"about":[{"href":"https:\/\/www.esteribar.org\/esteribar.esp\/wp-json\/wp\/v2\/types\/page"}],"author":[{"embeddable":true,"href":"https:\/\/www.esteribar.org\/esteribar.esp\/wp-json\/wp\/v2\/users\/2"}],"replies":[{"embeddable":true,"href":"https:\/\/www.esteribar.org\/esteribar.esp\/wp-json\/wp\/v2\/comments?post=9835"}],"version-history":[{"count":5,"href":"https:\/\/www.esteribar.org\/esteribar.esp\/wp-json\/wp\/v2\/pages\/9835\/revisions"}],"predecessor-version":[{"id":9863,"href":"https:\/\/www.esteribar.org\/esteribar.esp\/wp-json\/wp\/v2\/pages\/9835\/revisions\/9863"}],"wp:attachment":[{"href":"https:\/\/www.esteribar.org\/esteribar.esp\/wp-json\/wp\/v2\/media?parent=9835"}],"curies":[{"name":"wp","href":"https:\/\/api.w.org\/{rel}","templated":true}]}}