{"id":12003,"date":"2023-10-03T10:42:32","date_gmt":"2023-10-03T10:42:32","guid":{"rendered":"https:\/\/esteribar.org\/esteribar.esp\/?page_id=12003"},"modified":"2023-10-03T10:55:04","modified_gmt":"2023-10-03T10:55:04","slug":"proyectos-pil","status":"publish","type":"page","link":"https:\/\/www.esteribar.org\/esteribar.esp\/proyectos-pil\/","title":{"rendered":"proyectos.pil"},"content":{"rendered":"<div class=\"vc_row wpb_row vc_row-fluid\"><div class=\"wpb_column vc_column_container vc_col-sm-12\"><div class=\"vc_column-inner\"><div class=\"wpb_wrapper\"><div class=\"vc_empty_space\"   style=\"height: 64px\"><span class=\"vc_empty_space_inner\"><\/span><\/div>\n\t<div class=\"wpb_text_column wpb_content_element ovic_vc_custom_651bf3084e9a0 \" >\n\t\t<div class=\"wpb_wrapper\">\n\t\t\t<div class=\"margin-top-40 section-title text-center\">\n<h3 style=\"color: #c99947; text-align: center;\">PROYECTO PIL<\/h3>\n<\/div>\n\n\t\t<\/div>\n\t<\/div>\n<div class=\"vc_empty_space\"   style=\"height: 64px\"><span class=\"vc_empty_space_inner\"><\/span><\/div><\/div><\/div><\/div><div class=\"wpb_column vc_column_container vc_col-sm-12\"><div class=\"vc_column-inner\"><div class=\"wpb_wrapper\">\n<div class=\"vc_grid-container-wrapper vc_clearfix\">\n\t<div class=\"vc_grid-container vc_clearfix wpb_content_element vc_basic_grid ovic_vc_custom_651bf3084e9a3 \" data-initial-loading-animation=\"none\" data-vc-grid-settings=\"{&quot;page_id&quot;:12003,&quot;style&quot;:&quot;all&quot;,&quot;action&quot;:&quot;vc_get_vc_grid_data&quot;,&quot;shortcode_id&quot;:&quot;1696329742891-7d1159a3-3056-9&quot;,&quot;tag&quot;:&quot;vc_basic_grid&quot;}\" data-vc-request=\"https:\/\/www.esteribar.org\/esteribar.esp\/wp-admin\/admin-ajax.php\" data-vc-post-id=\"12003\" data-vc-public-nonce=\"892e026a22\">\n\t\t<div class=\"vc_grid vc_row vc_grid-gutter-30px vc_pageable-wrapper vc_hook_hover\" data-vc-pageable-content=\"true\"><div class=\"vc_pageable-slide-wrapper vc_clearfix\" data-vc-grid-content=\"true\"><div class=\"vc_grid-item vc_clearfix vc_col-sm-12\"><div class=\"vc_grid-item-mini vc_clearfix \"><div class=\"vc_gitem-animated-block \" \"><div class=\"vc_gitem-zone vc_gitem-zone-a\" style=\"height: 250px;\"><div class=\"vc_gitem-zone-mini\"><div class=\"vc_gitem_row vc_row vc_gitem-row-position-top\"><div class=\"vc_col-sm-12 vc_gitem-col vc_gitem-col-align-\"><div class=\"vc_custom_heading vc_gitem-post-data vc_gitem-post-data-source-post_title\" ><h6 style=\"text-align: left\" >PAVIMENTACI\u00d3N SIN REDES CALLES ARGIBEL Y NUESTRA SE\u00d1ORA DEL ROSARIO EN ILURDOTZ<\/h6><\/div><div class=\"vc_custom_heading vc_gitem-post-data vc_gitem-post-data-source-post_excerpt\" ><div style=\"text-align: left\" >Ver documento: Pavimentaci\u00f3n sin Redes Calles Argibel Ilurdozt<\/div><\/div><div class=\"vc_btn3-container vc_btn3-left ovic_vc_custom_6183ad36b914c\"><a class=\"vc_general vc_btn3 vc_btn3-size-md vc_btn3-shape-square vc_btn3-style-classic vc_btn3-color-black ovic_vc_custom_6183ad36b914c\" a href=\"https:\/\/www.esteribar.org\/esteribar.esp\/pavimentacion-sin-redes-calles-argibel-y-nuestra-senora-del-rosario-en-ilurdotz\/\" class=\"vc_gitem-link vc_general vc_btn3 vc_general vc_btn3 vc_btn3-size-md vc_btn3-shape-square vc_btn3-style-classic vc_btn3-color-black ovic_vc_custom_6183ad36b914c\" title=\"M\u00c1S INFORMACI\u00d3N\">M\u00c1S INFORMACI\u00d3N<\/a><\/div><\/div><div class=\"vc_col-sm-12 vc_gitem-col vc_gitem-col-align-\"><\/div><\/div><\/div><\/div><\/div><\/div><div class=\"vc_clearfix\"><\/div><\/div><div class=\"vc_grid-item vc_clearfix vc_col-sm-12\"><div class=\"vc_grid-item-mini vc_clearfix \"><div class=\"vc_gitem-animated-block \" \"><div class=\"vc_gitem-zone vc_gitem-zone-a\" style=\"height: 250px;\"><div class=\"vc_gitem-zone-mini\"><div class=\"vc_gitem_row vc_row vc_gitem-row-position-top\"><div class=\"vc_col-sm-12 vc_gitem-col vc_gitem-col-align-\"><div class=\"vc_custom_heading vc_gitem-post-data vc_gitem-post-data-source-post_title\" ><h6 style=\"text-align: left\" >PAVIMENTACION CON REDES CASCO URBANO DE SARASIBAR<\/h6><\/div><div class=\"vc_custom_heading vc_gitem-post-data vc_gitem-post-data-source-post_excerpt\" ><div style=\"text-align: left\" >Ver documento: Pavimentaci\u00f3n con Redes Casco Urbano Sarasibar<\/div><\/div><div class=\"vc_btn3-container vc_btn3-left ovic_vc_custom_6183ad36b914c\"><a class=\"vc_general vc_btn3 vc_btn3-size-md vc_btn3-shape-square vc_btn3-style-classic vc_btn3-color-black ovic_vc_custom_6183ad36b914c\" a href=\"https:\/\/www.esteribar.org\/esteribar.esp\/pavimentacion-con-redes-casco-urbano-de-sarasibar\/\" class=\"vc_gitem-link vc_general vc_btn3 vc_general vc_btn3 vc_btn3-size-md vc_btn3-shape-square vc_btn3-style-classic vc_btn3-color-black ovic_vc_custom_6183ad36b914c\" title=\"M\u00c1S INFORMACI\u00d3N\">M\u00c1S INFORMACI\u00d3N<\/a><\/div><\/div><div class=\"vc_col-sm-12 vc_gitem-col vc_gitem-col-align-\"><\/div><\/div><\/div><\/div><\/div><\/div><div class=\"vc_clearfix\"><\/div><\/div><div class=\"vc_grid-item vc_clearfix vc_col-sm-12\"><div class=\"vc_grid-item-mini vc_clearfix \"><div class=\"vc_gitem-animated-block \" \"><div class=\"vc_gitem-zone vc_gitem-zone-a\" style=\"height: 250px;\"><div class=\"vc_gitem-zone-mini\"><div class=\"vc_gitem_row vc_row vc_gitem-row-position-top\"><div class=\"vc_col-sm-12 vc_gitem-col vc_gitem-col-align-\"><div class=\"vc_custom_heading vc_gitem-post-data vc_gitem-post-data-source-post_title\" ><h6 style=\"text-align: left\" >PAVIMENTACION TRAVESIA DE ZURIAIN<\/h6><\/div><div class=\"vc_custom_heading vc_gitem-post-data vc_gitem-post-data-source-post_excerpt\" ><div style=\"text-align: left\" >Ver documento: Pavimentaci\u00f3n Traves\u00eda de Zuriain<\/div><\/div><div class=\"vc_btn3-container vc_btn3-left ovic_vc_custom_6183ad36b914c\"><a class=\"vc_general vc_btn3 vc_btn3-size-md vc_btn3-shape-square vc_btn3-style-classic vc_btn3-color-black ovic_vc_custom_6183ad36b914c\" a href=\"https:\/\/www.esteribar.org\/esteribar.esp\/pavimentacion-travesia-de-zuriain\/\" class=\"vc_gitem-link vc_general vc_btn3 vc_general vc_btn3 vc_btn3-size-md vc_btn3-shape-square vc_btn3-style-classic vc_btn3-color-black ovic_vc_custom_6183ad36b914c\" title=\"M\u00c1S INFORMACI\u00d3N\">M\u00c1S INFORMACI\u00d3N<\/a><\/div><\/div><div class=\"vc_col-sm-12 vc_gitem-col vc_gitem-col-align-\"><\/div><\/div><\/div><\/div><\/div><\/div><div class=\"vc_clearfix\"><\/div><\/div><div class=\"vc_grid-item vc_clearfix vc_col-sm-12\"><div class=\"vc_grid-item-mini vc_clearfix \"><div class=\"vc_gitem-animated-block \" \"><div class=\"vc_gitem-zone vc_gitem-zone-a\" style=\"height: 250px;\"><div class=\"vc_gitem-zone-mini\"><div class=\"vc_gitem_row vc_row vc_gitem-row-position-top\"><div class=\"vc_col-sm-12 vc_gitem-col vc_gitem-col-align-\"><div class=\"vc_custom_heading vc_gitem-post-data vc_gitem-post-data-source-post_title\" ><h6 style=\"text-align: left\" >PAVIMENTACION TRAVESIA DE ZUBIRI (ESTERIBAR)<\/h6><\/div><div class=\"vc_custom_heading vc_gitem-post-data vc_gitem-post-data-source-post_excerpt\" ><div style=\"text-align: left\" >Ver documento: Pavimentaci\u00f3n Traves\u00eda de Zubiri<\/div><\/div><div class=\"vc_btn3-container vc_btn3-left ovic_vc_custom_6183ad36b914c\"><a class=\"vc_general vc_btn3 vc_btn3-size-md vc_btn3-shape-square vc_btn3-style-classic vc_btn3-color-black ovic_vc_custom_6183ad36b914c\" a href=\"https:\/\/www.esteribar.org\/esteribar.esp\/pavimentacion-travesia-de-zubiri-esteribar\/\" class=\"vc_gitem-link vc_general vc_btn3 vc_general vc_btn3 vc_btn3-size-md vc_btn3-shape-square vc_btn3-style-classic vc_btn3-color-black ovic_vc_custom_6183ad36b914c\" title=\"M\u00c1S INFORMACI\u00d3N\">M\u00c1S INFORMACI\u00d3N<\/a><\/div><\/div><div class=\"vc_col-sm-12 vc_gitem-col vc_gitem-col-align-\"><\/div><\/div><\/div><\/div><\/div><\/div><div class=\"vc_clearfix\"><\/div><\/div><\/div><\/div>\n\t<\/div>\n<\/div><\/div><\/div><\/div><\/div>\n","protected":false},"excerpt":{"rendered":"PROYECTO PIL PAVIMENTACION CON REDES CASCO URBANO DE SARASIBARVer documento: Pavimentaci\u00f3n con Redes Casco Urbano SarasibarM\u00c1S INFORMACI\u00d3NPAVIMENTACION TRAVESIA DE ZUBIRI (ESTERIBAR)Ver documento: Pavimentaci\u00f3n Traves\u00eda de ZubiriM\u00c1S INFORMACI\u00d3N","protected":false},"author":2,"featured_media":0,"parent":0,"menu_order":0,"comment_status":"closed","ping_status":"closed","template":"","meta":{"footnotes":""},"class_list":["post-12003","page","type-page","status-publish","hentry"],"_links":{"self":[{"href":"https:\/\/www.esteribar.org\/esteribar.esp\/wp-json\/wp\/v2\/pages\/12003","targetHints":{"allow":["GET"]}}],"collection":[{"href":"https:\/\/www.esteribar.org\/esteribar.esp\/wp-json\/wp\/v2\/pages"}],"about":[{"href":"https:\/\/www.esteribar.org\/esteribar.esp\/wp-json\/wp\/v2\/types\/page"}],"author":[{"embeddable":true,"href":"https:\/\/www.esteribar.org\/esteribar.esp\/wp-json\/wp\/v2\/users\/2"}],"replies":[{"embeddable":true,"href":"https:\/\/www.esteribar.org\/esteribar.esp\/wp-json\/wp\/v2\/comments?post=12003"}],"version-history":[{"count":4,"href":"https:\/\/www.esteribar.org\/esteribar.esp\/wp-json\/wp\/v2\/pages\/12003\/revisions"}],"predecessor-version":[{"id":12050,"href":"https:\/\/www.esteribar.org\/esteribar.esp\/wp-json\/wp\/v2\/pages\/12003\/revisions\/12050"}],"wp:attachment":[{"href":"https:\/\/www.esteribar.org\/esteribar.esp\/wp-json\/wp\/v2\/media?parent=12003"}],"curies":[{"name":"wp","href":"https:\/\/api.w.org\/{rel}","templated":true}]}}