{"id":11525,"date":"2022-11-22T12:42:09","date_gmt":"2022-11-22T12:42:09","guid":{"rendered":"http:\/\/esteribar.org\/esteribar.esp\/?page_id=11525"},"modified":"2024-12-17T05:51:41","modified_gmt":"2024-12-17T05:51:41","slug":"proceso-estabilizacion-mssbhye","status":"publish","type":"page","link":"https:\/\/www.esteribar.org\/esteribar.esp\/proceso-estabilizacion-mssbhye\/","title":{"rendered":"proceso.estabilizacion.mssbhye"},"content":{"rendered":"<div class=\"vc_row wpb_row vc_row-fluid\"><div class=\"wpb_column vc_column_container vc_col-sm-12\"><div class=\"vc_column-inner\"><div class=\"wpb_wrapper\"><div class=\"vc_empty_space\"   style=\"height: 64px\"><span class=\"vc_empty_space_inner\"><\/span><\/div>\n\t<div class=\"wpb_text_column wpb_content_element ovic_vc_custom_6761116e1e6c4 \" >\n\t\t<div class=\"wpb_wrapper\">\n\t\t\t<div class=\"margin-top-40 section-title text-center\">\n<h3 style=\"color: #c99947; text-align: center;\">PROCESO DE ESTABILIZACI\u00d3N MSSBHYE<\/h3>\n<\/div>\n\n\t\t<\/div>\n\t<\/div>\n<div class=\"vc_empty_space\"   style=\"height: 64px\"><span class=\"vc_empty_space_inner\"><\/span><\/div>\n\t<div class=\"wpb_text_column wpb_content_element ovic_vc_custom_6761116e1e6c6 \" >\n\t\t<div class=\"wpb_wrapper\">\n\t\t\t<p>Convocatoria para la provisi\u00f3n, mediante concurso de m\u00e9ritos, de las vacantes de puestos correspondientes al proceso extraordinario de estabilizaci\u00f3n y consolidaci\u00f3n de empleo temporal, seg\u00fan lo dispuesto en la Ley 20\/2021, de 28 de diciembre, de medidas urgentes para la reducci\u00f3n de la temporalidad en el empleo p\u00fablico.<\/p>\n\n\t\t<\/div>\n\t<\/div>\n<div class=\"vc_empty_space\"   style=\"height: 64px\"><span class=\"vc_empty_space_inner\"><\/span><\/div><div class=\"vc_separator wpb_content_element vc_separator_align_center vc_sep_width_100 vc_sep_pos_align_center vc_separator_no_text vc_sep_color_grey ovic_vc_custom_6761116e1e6c7 ovic_vc_custom_6761116e1e6c7 ovic_vc_custom_6761116e1e6c7\" ><span class=\"vc_sep_holder vc_sep_holder_l\"><span  class=\"vc_sep_line\"><\/span><\/span><span class=\"vc_sep_holder vc_sep_holder_r\"><span  class=\"vc_sep_line\"><\/span><\/span>\n<\/div><div class=\"vc_empty_space\"   style=\"height: 64px\"><span class=\"vc_empty_space_inner\"><\/span><\/div>\n\t<div class=\"wpb_text_column wpb_content_element ovic_vc_custom_6761116e1e6c8 \" >\n\t\t<div class=\"wpb_wrapper\">\n\t\t\t<h6 style=\"text-align: center;\"><strong>01. OFERTA P\u00daBLICA DE EMPLEO<\/strong><\/h6>\n\n\t\t<\/div>\n\t<\/div>\n<div class=\"vc_empty_space ovic_vc_custom_6761116e1e6c9\"   style=\"height: 8px\"><span class=\"vc_empty_space_inner\"><\/span><\/div><div class=\"vc_btn3-container vc_btn3-center ovic_vc_custom_6761116e1e6ca\" ><a class=\"vc_general vc_btn3 vc_btn3-size-sm vc_btn3-shape-square vc_btn3-style-classic vc_btn3-color-inverse ovic_vc_custom_6761116e1e6ca\" href=\"http:\/\/esteribar.org\/esteribar.esp\/wp-content\/uploads\/2022\/12\/01.-OFERTA-PU\u0301BLICA-DE-EMPLEO.pdf\" title=\"\" target=\"_blank\">M\u00e1s Informaci\u00f3n<\/a><\/div><div class=\"vc_empty_space ovic_vc_custom_6761116e1e6cb\"   style=\"height: 32px\"><span class=\"vc_empty_space_inner\"><\/span><\/div>\n\t<div class=\"wpb_text_column wpb_content_element ovic_vc_custom_6761116e1e6cc \" >\n\t\t<div class=\"wpb_wrapper\">\n\t\t\t<h6 style=\"text-align: center;\"><strong>02. BASES CONVOCATORIA<br \/>\n<\/strong><\/h6>\n\n\t\t<\/div>\n\t<\/div>\n<div class=\"vc_empty_space ovic_vc_custom_6761116e1e6cd\"   style=\"height: 8px\"><span class=\"vc_empty_space_inner\"><\/span><\/div><div class=\"vc_btn3-container vc_btn3-center ovic_vc_custom_6761116e1e6ce\" ><a class=\"vc_general vc_btn3 vc_btn3-size-sm vc_btn3-shape-square vc_btn3-style-classic vc_btn3-color-inverse ovic_vc_custom_6761116e1e6ce\" href=\"http:\/\/esteribar.org\/esteribar.esp\/wp-content\/uploads\/2022\/12\/02.-BASES-CONVOCATORIA.pdf\" title=\"\" target=\"_blank\">M\u00e1s Informaci\u00f3n<\/a><\/div><div class=\"vc_empty_space ovic_vc_custom_6761116e1e6cf\"   style=\"height: 32px\"><span class=\"vc_empty_space_inner\"><\/span><\/div>\n\t<div class=\"wpb_text_column wpb_content_element ovic_vc_custom_6761116e1e6d0 \" >\n\t\t<div class=\"wpb_wrapper\">\n\t\t\t<h6 style=\"text-align: center;\"><strong>03. ANEXO I<br \/>\n<\/strong><\/h6>\n\n\t\t<\/div>\n\t<\/div>\n<div class=\"vc_empty_space ovic_vc_custom_6761116e1e6d1\"   style=\"height: 8px\"><span class=\"vc_empty_space_inner\"><\/span><\/div><div class=\"vc_btn3-container vc_btn3-center ovic_vc_custom_6761116e1e6d2\" ><a class=\"vc_general vc_btn3 vc_btn3-size-sm vc_btn3-shape-square vc_btn3-style-classic vc_btn3-color-inverse ovic_vc_custom_6761116e1e6d2\" href=\"http:\/\/esteribar.org\/esteribar.esp\/wp-content\/uploads\/2022\/12\/03.-ANEXO-I.pdf\" title=\"\" target=\"_blank\">M\u00e1s Informaci\u00f3n<\/a><\/div><div class=\"vc_empty_space ovic_vc_custom_6761116e1e6d3\"   style=\"height: 32px\"><span class=\"vc_empty_space_inner\"><\/span><\/div>\n\t<div class=\"wpb_text_column wpb_content_element ovic_vc_custom_6761116e1e6d4 \" >\n\t\t<div class=\"wpb_wrapper\">\n\t\t\t<h6 style=\"text-align: center;\"><strong>04. ANEXO II<br \/>\n<\/strong><\/h6>\n\n\t\t<\/div>\n\t<\/div>\n<div class=\"vc_empty_space ovic_vc_custom_6761116e1e6d5\"   style=\"height: 8px\"><span class=\"vc_empty_space_inner\"><\/span><\/div><div class=\"vc_btn3-container vc_btn3-center ovic_vc_custom_6761116e1e6d6\" ><a class=\"vc_general vc_btn3 vc_btn3-size-sm vc_btn3-shape-square vc_btn3-style-classic vc_btn3-color-inverse ovic_vc_custom_6761116e1e6d6\" href=\"http:\/\/esteribar.org\/esteribar.esp\/wp-content\/uploads\/2022\/12\/04.-ANEXO-II.pdf\" title=\"\" target=\"_blank\">M\u00e1s Informaci\u00f3n<\/a><\/div><div class=\"vc_empty_space ovic_vc_custom_6761116e1e6d7\"   style=\"height: 32px\"><span class=\"vc_empty_space_inner\"><\/span><\/div>\n\t<div class=\"wpb_text_column wpb_content_element ovic_vc_custom_6761116e1e6d8 \" >\n\t\t<div class=\"wpb_wrapper\">\n\t\t\t<h6 style=\"text-align: center;\"><strong>05. ANEXO III<\/strong><\/h6>\n\n\t\t<\/div>\n\t<\/div>\n<div class=\"vc_empty_space ovic_vc_custom_6761116e1e6d9\"   style=\"height: 8px\"><span class=\"vc_empty_space_inner\"><\/span><\/div><div class=\"vc_btn3-container vc_btn3-center ovic_vc_custom_6761116e1e6da\" ><a class=\"vc_general vc_btn3 vc_btn3-size-sm vc_btn3-shape-square vc_btn3-style-classic vc_btn3-color-inverse ovic_vc_custom_6761116e1e6da\" href=\"http:\/\/esteribar.org\/esteribar.esp\/wp-content\/uploads\/2022\/12\/05.-ANEXO-III.pdf\" title=\"\" target=\"_blank\">M\u00e1s Informaci\u00f3n<\/a><\/div><div class=\"vc_empty_space ovic_vc_custom_6761116e1e6db\"   style=\"height: 32px\"><span class=\"vc_empty_space_inner\"><\/span><\/div>\n\t<div class=\"wpb_text_column wpb_content_element ovic_vc_custom_6761116e1e6dc \" >\n\t\t<div class=\"wpb_wrapper\">\n\t\t\t<h6 style=\"text-align: center;\"><strong>06. RESOLUCI\u00d3N NOMBRAMIENTO DE TRIBUNAL<\/strong><\/h6>\n\n\t\t<\/div>\n\t<\/div>\n<div class=\"vc_empty_space ovic_vc_custom_6761116e1e6dd\"   style=\"height: 8px\"><span class=\"vc_empty_space_inner\"><\/span><\/div><div class=\"vc_btn3-container vc_btn3-center ovic_vc_custom_6761116e1e6de\" ><a class=\"vc_general vc_btn3 vc_btn3-size-sm vc_btn3-shape-square vc_btn3-style-classic vc_btn3-color-inverse ovic_vc_custom_6761116e1e6de\" href=\"http:\/\/esteribar.org\/esteribar.esp\/wp-content\/uploads\/2024\/03\/RESOLUCION-No15-NOMBRAMIENTO-TRIBUNAL-OPE.pdf\" title=\"\" target=\"_blank\">M\u00e1s Informaci\u00f3n<\/a><\/div><div class=\"vc_empty_space ovic_vc_custom_6761116e1e6df\"   style=\"height: 32px\"><span class=\"vc_empty_space_inner\"><\/span><\/div>\n\t<div class=\"wpb_text_column wpb_content_element ovic_vc_custom_6761116e1e6e0 \" >\n\t\t<div class=\"wpb_wrapper\">\n\t\t\t<h6 style=\"text-align: center;\"><strong>07. LISTADOS PROVISIONAL DE PERSONAS ADMITIDAS Y EXCLUIDAS (07\/05\/2024)<br \/>\n<\/strong><\/h6>\n\n\t\t<\/div>\n\t<\/div>\n<div class=\"vc_empty_space ovic_vc_custom_6761116e1e6e1\"   style=\"height: 8px\"><span class=\"vc_empty_space_inner\"><\/span><\/div><div class=\"vc_btn3-container vc_btn3-center ovic_vc_custom_6761116e1e6e2\" ><a class=\"vc_general vc_btn3 vc_btn3-size-sm vc_btn3-shape-square vc_btn3-style-classic vc_btn3-color-inverse ovic_vc_custom_6761116e1e6e2\" href=\"http:\/\/esteribar.org\/esteribar.esp\/wp-content\/uploads\/2024\/10\/Listado-provisional-de-personas-admitidas-y-excluidas.pdf\" title=\"\" target=\"_blank\">M\u00e1s Informaci\u00f3n<\/a><\/div><div class=\"vc_empty_space ovic_vc_custom_6761116e1e6e3\"   style=\"height: 32px\"><span class=\"vc_empty_space_inner\"><\/span><\/div>\n\t<div class=\"wpb_text_column wpb_content_element ovic_vc_custom_6761116e1e6e4 \" >\n\t\t<div class=\"wpb_wrapper\">\n\t\t\t<h6 style=\"text-align: center;\"><strong>08. LISTADO DEFINITIVO DE PERSONA ADMITIDAS Y EXCLUIDAS (26\/08\/2024)<br \/>\n<\/strong><\/h6>\n\n\t\t<\/div>\n\t<\/div>\n<div class=\"vc_empty_space ovic_vc_custom_6761116e1e6e5\"   style=\"height: 8px\"><span class=\"vc_empty_space_inner\"><\/span><\/div><div class=\"vc_btn3-container vc_btn3-center ovic_vc_custom_6761116e1e6e6\" ><a class=\"vc_general vc_btn3 vc_btn3-size-sm vc_btn3-shape-square vc_btn3-style-classic vc_btn3-color-inverse ovic_vc_custom_6761116e1e6e6\" href=\"http:\/\/esteribar.org\/esteribar.esp\/wp-content\/uploads\/2024\/08\/Listado-definitivo-de-personas-admitidas-y-excluidas-2.pdf\" title=\"\" target=\"_blank\">M\u00e1s Informaci\u00f3n<\/a><\/div><div class=\"vc_empty_space ovic_vc_custom_6761116e1e6e7\"   style=\"height: 32px\"><span class=\"vc_empty_space_inner\"><\/span><\/div>\n\t<div class=\"wpb_text_column wpb_content_element ovic_vc_custom_6761116e1e6e8 \" >\n\t\t<div class=\"wpb_wrapper\">\n\t\t\t<h6 style=\"text-align: center;\"><strong>09. VALORACI\u00d3N PROVISIONAL DE M\u00c9RITOS (12\/09\/2024)<br \/>\n<\/strong><\/h6>\n\n\t\t<\/div>\n\t<\/div>\n<div class=\"vc_empty_space ovic_vc_custom_6761116e1e6e9\"   style=\"height: 8px\"><span class=\"vc_empty_space_inner\"><\/span><\/div><div class=\"vc_btn3-container vc_btn3-center ovic_vc_custom_6761116e1e6ea\" ><a class=\"vc_general vc_btn3 vc_btn3-size-sm vc_btn3-shape-square vc_btn3-style-classic vc_btn3-color-inverse ovic_vc_custom_6761116e1e6ea\" href=\"http:\/\/esteribar.org\/esteribar.esp\/wp-content\/uploads\/2024\/09\/Valoracion-provisional-de-meritos.pdf\" title=\"\" target=\"_blank\">M\u00e1s Informaci\u00f3n<\/a><\/div><div class=\"vc_empty_space ovic_vc_custom_6761116e1e6eb\"   style=\"height: 32px\"><span class=\"vc_empty_space_inner\"><\/span><\/div>\n\t<div class=\"wpb_text_column wpb_content_element ovic_vc_custom_6761116e1e6ec \" >\n\t\t<div class=\"wpb_wrapper\">\n\t\t\t<h6 style=\"text-align: center;\"><strong>10. VALORACI\u00d3N DE M\u00c9RITOS CON NUEVO PLAZO DE ALEGACIONES (24\/10\/2024)<br \/>\n<\/strong><\/h6>\n\n\t\t<\/div>\n\t<\/div>\n<div class=\"vc_empty_space ovic_vc_custom_6761116e1e6ed\"   style=\"height: 8px\"><span class=\"vc_empty_space_inner\"><\/span><\/div><div class=\"vc_btn3-container vc_btn3-center ovic_vc_custom_6761116e1e6ee\" ><a class=\"vc_general vc_btn3 vc_btn3-size-sm vc_btn3-shape-square vc_btn3-style-classic vc_btn3-color-inverse ovic_vc_custom_6761116e1e6ee\" href=\"http:\/\/esteribar.org\/esteribar.esp\/wp-content\/uploads\/2024\/10\/Valoracion-de-meritos-con-nuevo-plazo-de-alegaciones.pdf\" title=\"\" target=\"_blank\">M\u00e1s Informaci\u00f3n<\/a><\/div><div class=\"vc_empty_space ovic_vc_custom_6761116e1e6ef\"   style=\"height: 32px\"><span class=\"vc_empty_space_inner\"><\/span><\/div>\n\t<div class=\"wpb_text_column wpb_content_element ovic_vc_custom_6761116e1e6f0 \" >\n\t\t<div class=\"wpb_wrapper\">\n\t\t\t<h6 style=\"text-align: center;\"><strong>11. VALORACI\u00d3N DEFINITIVA DE M\u00c9RITOS, ACREDITACI\u00d3N DE REQUISITOS Y ELECCI\u00d3N DE VACANTES (04\/11\/2024)<br \/>\n<\/strong><\/h6>\n\n\t\t<\/div>\n\t<\/div>\n<div class=\"vc_empty_space ovic_vc_custom_6761116e1e6f1\"   style=\"height: 8px\"><span class=\"vc_empty_space_inner\"><\/span><\/div><div class=\"vc_btn3-container vc_btn3-center ovic_vc_custom_6761116e1e6f2\" ><a class=\"vc_general vc_btn3 vc_btn3-size-sm vc_btn3-shape-square vc_btn3-style-classic vc_btn3-color-inverse ovic_vc_custom_6761116e1e6f2\" href=\"http:\/\/esteribar.org\/esteribar.esp\/wp-content\/uploads\/2024\/11\/Valoracion-definitiva-de-meritos-acreditacion-de-requisitos-y-eleccion-de-vacantes.pdf\" title=\"\" target=\"_blank\">M\u00e1s Informaci\u00f3n<\/a><\/div><div class=\"vc_empty_space ovic_vc_custom_6761116e1e6f3\"   style=\"height: 32px\"><span class=\"vc_empty_space_inner\"><\/span><\/div>\n\t<div class=\"wpb_text_column wpb_content_element ovic_vc_custom_6761116e1e6f4 \" >\n\t\t<div class=\"wpb_wrapper\">\n\t\t\t<h6 style=\"text-align: center;\"><strong>12. PROPUESTA DE NOMBRAMIENTO (19\/11\/2024)<br \/>\n<\/strong><\/h6>\n\n\t\t<\/div>\n\t<\/div>\n<div class=\"vc_empty_space ovic_vc_custom_6761116e1e6f5\"   style=\"height: 8px\"><span class=\"vc_empty_space_inner\"><\/span><\/div><div class=\"vc_btn3-container vc_btn3-center ovic_vc_custom_6761116e1e6f6\" ><a class=\"vc_general vc_btn3 vc_btn3-size-sm vc_btn3-shape-square vc_btn3-style-classic vc_btn3-color-inverse ovic_vc_custom_6761116e1e6f6\" href=\"http:\/\/esteribar.org\/esteribar.esp\/wp-content\/uploads\/2024\/11\/Propuesta-de-nombramiento-1.pdf\" title=\"\" target=\"_blank\">M\u00e1s Informaci\u00f3n<\/a><\/div><div class=\"vc_empty_space ovic_vc_custom_6761116e1e6f7\"   style=\"height: 32px\"><span class=\"vc_empty_space_inner\"><\/span><\/div>\n\t<div class=\"wpb_text_column wpb_content_element ovic_vc_custom_6761116e1e6f8 \" >\n\t\t<div class=\"wpb_wrapper\">\n\t\t\t<h6 style=\"text-align: center;\"><strong>13. NOMBRAMIENTOS (20\/11\/2024)<br \/>\n<\/strong><\/h6>\n\n\t\t<\/div>\n\t<\/div>\n<div class=\"vc_empty_space ovic_vc_custom_6761116e1e6f9\"   style=\"height: 8px\"><span class=\"vc_empty_space_inner\"><\/span><\/div><div class=\"vc_btn3-container vc_btn3-center ovic_vc_custom_6761116e1e6fa\" ><a class=\"vc_general vc_btn3 vc_btn3-size-sm vc_btn3-shape-square vc_btn3-style-classic vc_btn3-color-inverse ovic_vc_custom_6761116e1e6fa\" href=\"http:\/\/esteribar.org\/esteribar.esp\/wp-content\/uploads\/2024\/11\/Nombramiento-de-IS-TS-TF-y-AA.pdf\" title=\"\" target=\"_blank\">M\u00e1s Informaci\u00f3n<\/a><\/div><div class=\"vc_empty_space ovic_vc_custom_6761116e1e6fb\"   style=\"height: 32px\"><span class=\"vc_empty_space_inner\"><\/span><\/div>\n\t<div class=\"wpb_text_column wpb_content_element ovic_vc_custom_6761116e1e6fc \" >\n\t\t<div class=\"wpb_wrapper\">\n\t\t\t<h6 style=\"text-align: center;\"><strong>14. PROPUESTA DE NOMBRAMIENTOS COMPLEMENTARIOS (02\/12\/2024)<br \/>\n<\/strong><\/h6>\n\n\t\t<\/div>\n\t<\/div>\n<div class=\"vc_empty_space ovic_vc_custom_6761116e1e6fd\"   style=\"height: 8px\"><span class=\"vc_empty_space_inner\"><\/span><\/div><div class=\"vc_btn3-container vc_btn3-center ovic_vc_custom_6761116e1e6fe\" ><a class=\"vc_general vc_btn3 vc_btn3-size-sm vc_btn3-shape-square vc_btn3-style-classic vc_btn3-color-inverse ovic_vc_custom_6761116e1e6fe\" href=\"http:\/\/esteribar.org\/esteribar.esp\/wp-content\/uploads\/2024\/12\/Propuesta-de-nombramientos-complementarios.pdf\" title=\"\" target=\"_blank\">M\u00e1s Informaci\u00f3n<\/a><\/div><div class=\"vc_empty_space ovic_vc_custom_6761116e1e6ff\"   style=\"height: 32px\"><span class=\"vc_empty_space_inner\"><\/span><\/div>\n\t<div class=\"wpb_text_column wpb_content_element ovic_vc_custom_6761116e1e700 \" >\n\t\t<div class=\"wpb_wrapper\">\n\t\t\t<h6 style=\"text-align: center;\"><strong>15. NOMBRAMIENTOS COMPLEMENTARIOS (02\/12\/2024)<br \/>\n<\/strong><\/h6>\n\n\t\t<\/div>\n\t<\/div>\n<div class=\"vc_empty_space ovic_vc_custom_6761116e1e701\"   style=\"height: 8px\"><span class=\"vc_empty_space_inner\"><\/span><\/div><div class=\"vc_btn3-container vc_btn3-center ovic_vc_custom_6761116e1e702\" ><a class=\"vc_general vc_btn3 vc_btn3-size-sm vc_btn3-shape-square vc_btn3-style-classic vc_btn3-color-inverse ovic_vc_custom_6761116e1e702\" href=\"http:\/\/esteribar.org\/esteribar.esp\/wp-content\/uploads\/2024\/12\/Nombramiento-complementario-de-IS-y-TS.pdf\" title=\"\" target=\"_blank\">M\u00e1s Informaci\u00f3n<\/a><\/div><div class=\"vc_empty_space ovic_vc_custom_6761116e1e703\"   style=\"height: 32px\"><span class=\"vc_empty_space_inner\"><\/span><\/div>\n\t<div class=\"wpb_text_column wpb_content_element ovic_vc_custom_6761116e1e704 \" >\n\t\t<div class=\"wpb_wrapper\">\n\t\t\t<h6 style=\"text-align: center;\"><strong>16. PROPUESTA DE SEGUNDO NOMBRAMIENTO COMPLEMENTARIO (16\/12\/2024)<br \/>\n<\/strong><\/h6>\n\n\t\t<\/div>\n\t<\/div>\n<div class=\"vc_empty_space ovic_vc_custom_6761116e1e705\"   style=\"height: 8px\"><span class=\"vc_empty_space_inner\"><\/span><\/div><div class=\"vc_btn3-container vc_btn3-center ovic_vc_custom_6761116e1e706\" ><a class=\"vc_general vc_btn3 vc_btn3-size-sm vc_btn3-shape-square vc_btn3-style-classic vc_btn3-color-inverse ovic_vc_custom_6761116e1e706\" href=\"http:\/\/esteribar.org\/esteribar.esp\/wp-content\/uploads\/2024\/12\/Propuesta-de-segundo-nombramiento-complementario.pdf\" title=\"\" target=\"_blank\">M\u00e1s Informaci\u00f3n<\/a><\/div><div class=\"vc_empty_space ovic_vc_custom_6761116e1e707\"   style=\"height: 32px\"><span class=\"vc_empty_space_inner\"><\/span><\/div>\n\t<div class=\"wpb_text_column wpb_content_element ovic_vc_custom_6761116e1e708 \" >\n\t\t<div class=\"wpb_wrapper\">\n\t\t\t<h6 style=\"text-align: center;\"><strong>17. SEGUNDO NOMBRAMIENTO COMPLEMENTARIO (16\/12\/2024)<br \/>\n<\/strong><\/h6>\n\n\t\t<\/div>\n\t<\/div>\n<div class=\"vc_empty_space ovic_vc_custom_6761116e1e709\"   style=\"height: 8px\"><span class=\"vc_empty_space_inner\"><\/span><\/div><div class=\"vc_btn3-container vc_btn3-center ovic_vc_custom_6761116e1e70a\" ><a class=\"vc_general vc_btn3 vc_btn3-size-sm vc_btn3-shape-square vc_btn3-style-classic vc_btn3-color-inverse ovic_vc_custom_6761116e1e70a\" href=\"http:\/\/esteribar.org\/esteribar.esp\/wp-content\/uploads\/2024\/12\/Segundo-nombramiento-complementario-de-TS.pdf\" title=\"\" target=\"_blank\">M\u00e1s Informaci\u00f3n<\/a><\/div><\/div><\/div><\/div><\/div>\n","protected":false},"excerpt":{"rendered":"PROCESO DE ESTABILIZACI\u00d3N MSSBHYE Convocatoria para la provisi\u00f3n, mediante concurso de m\u00e9ritos, de las vacantes de puestos correspondientes al proceso extraordinario de estabilizaci\u00f3n y consolidaci\u00f3n de empleo temporal, seg\u00fan lo dispuesto en la Ley 20\/2021, de 28 de diciembre, de medidas urgentes para la reducci\u00f3n de la temporalidad en el empleo p\u00fablico. 01. OFERTA P\u00daBLICA [...]","protected":false},"author":2,"featured_media":0,"parent":0,"menu_order":0,"comment_status":"closed","ping_status":"closed","template":"","meta":{"footnotes":""},"class_list":["post-11525","page","type-page","status-publish","hentry"],"_links":{"self":[{"href":"https:\/\/www.esteribar.org\/esteribar.esp\/wp-json\/wp\/v2\/pages\/11525","targetHints":{"allow":["GET"]}}],"collection":[{"href":"https:\/\/www.esteribar.org\/esteribar.esp\/wp-json\/wp\/v2\/pages"}],"about":[{"href":"https:\/\/www.esteribar.org\/esteribar.esp\/wp-json\/wp\/v2\/types\/page"}],"author":[{"embeddable":true,"href":"https:\/\/www.esteribar.org\/esteribar.esp\/wp-json\/wp\/v2\/users\/2"}],"replies":[{"embeddable":true,"href":"https:\/\/www.esteribar.org\/esteribar.esp\/wp-json\/wp\/v2\/comments?post=11525"}],"version-history":[{"count":26,"href":"https:\/\/www.esteribar.org\/esteribar.esp\/wp-json\/wp\/v2\/pages\/11525\/revisions"}],"predecessor-version":[{"id":12937,"href":"https:\/\/www.esteribar.org\/esteribar.esp\/wp-json\/wp\/v2\/pages\/11525\/revisions\/12937"}],"wp:attachment":[{"href":"https:\/\/www.esteribar.org\/esteribar.esp\/wp-json\/wp\/v2\/media?parent=11525"}],"curies":[{"name":"wp","href":"https:\/\/api.w.org\/{rel}","templated":true}]}}